e
Is 439 prime?
True
Is 4135 a prime number?
False
Is 5559917 prime?
False
Is 6469 composite?
False
Is 1586558 prime?
False
Is 45659 a composite number?
False
Is 267713 a composite number?
False
Is 31751 composite?
False
Is 5773 composite?
True
Is 43822 prime?
False
Is 95507 a prime number?
True
Is 83203 composite?
False
Is 322043 composite?
True
Is 9327 a composite number?
True
Is 87851 prime?
False
Is 2281 prime?
True
Is 462247 a prime number?
False
Is 588613 a prime number?
False
Is 2683 composite?
False
Is 112543 composite?
False
Is 436138 a prime number?
False
Is 43151 prime?
True
Is 565049 composite?
False
Is 5737 a prime number?
True
Is 25147 a prime number?
True
Is 4531 a prime number?
False
Is 2917 a composite number?
False
Is 146581 prime?
True
Is 193447 prime?
True
Is 166007 prime?
False
Is 1943 prime?
False
Is 402323 a prime number?
False
Is 151631 prime?
True
Is 374219 composite?
False
Is 29765 prime?
False
Is 11299 a composite number?
False
Is 583 prime?
False
Is 33793 a prime number?
False
Is 18709 a composite number?
True
Is 11399 a composite number?
False
Is 136573 a prime number?
True
Is 29629 a composite number?
False
Is 20299 a prime number?
False
Is 12313 prime?
False
Is 190001 a prime number?
False
Is 57367 composite?
False
Is 210757 a prime number?
False
Is 10739 a prime number?
True
Is 18742 a prime number?
False
Is 1234054 a composite number?
True
Is 1757 a composite number?
True
Is 287437 prime?
True
Is 177379 prime?
True
Is 565021 a composite number?
True
Is 6169 composite?
True
Is 5323 prime?
True
Is 2903 a composite number?
False
Is 46367 prime?
False
Is 650173 a composite number?
True
Is 338703 prime?
False
Is 28099 a composite number?
False
Is 66111 a prime number?
False
Is 2767 a prime number?
True
Is 125435 composite?
True
Is 1167599 composite?
False
Is 18751 prime?
False
Is 20819 a prime number?
False
Is 91493 prime?
True
Is 358031 a prime number?
True
Is 1415 a prime number?
False
Is 162349 a composite number?
True
Is 20849 a composite number?
False
Is 366001 a prime number?
True
Is 18697 prime?
False
Is 807 composite?
True
Is 7721 a composite number?
True
Is 13499 prime?
True
Is 119147 prime?
False
Is 16787 a prime number?
True
Is 1097717 a prime number?
True
Is 325979 a prime number?
False
Is 839 composite?
False
Is 93823 composite?
True
Is 128387 a prime number?
False
Is 8419 a prime number?
True
Is 225341 a composite number?
False
Is 93077 a prime number?
True
Is 5221 a prime number?
False
Is 3611885 prime?
False
Is 1234 prime?
False
Is 119797 a prime number?
True
Is 914987 a prime number?
False
Is 126491 composite?
False
Is 12829 prime?
True
Is 1109839 a prime number?
True
Is 2193185 prime?
False
Is 13309 a composite number?
False
Is 1814 prime?
False
Is 4701 a composite number?
True
Is 76943 prime?
True
Is 53659 a composite number?
True
Is 267191 composite?
True
Is 8009 a composite number?
False
Is 861571 prime?
True
Is 81505 a composite number?
True
Is 2029 composite?
False
Is 169561 a composite number?
True
Is 469583 composite?
False
Is 150317 composite?
True
Is 537941 prime?
True
Is 4201 a prime number?
True
Is 109049 a composite number?
False
Is 119181 a prime number?
False
Is 58915 composite?
True
Is 7993 prime?
True
Is 67919 prime?
False
Is 70051 a composite number?
False
Is 5293293 a prime number?
False
Is 491 prime?
True
Is 2798 prime?
False
Is 321991 a composite number?
False
Is 8219 prime?
True
Is 4493 a prime number?
True
Is 102293 composite?
False
Is 49397 a prime number?
False
Is 15685 composite?
True
Is 371737 prime?
True
Is 19913 a composite number?
False
Is 853 a composite number?
False
Is 7531 composite?
True
Is 852233 composite?
False
Is 26327 composite?
True
Is 34939 a prime number?
True
Is 34691 a prime number?
False
Is 8641 a composite number?
False
Is 1257 composite?
True
Is 245471 a composite number?
False
Is 13193 a prime number?
False
Is 22921 composite?
False
Is 19563 composite?
True
Is 8209 a prime number?
True
Is 7243 a prime number?
True
Is 137009 a prime number?
False
Is 127579 prime?
True
Is 909907 a prime number?
True
Is 64511 prime?
False
Is 7789 a prime number?
True
Is 154039 prime?
False
Is 716801 a composite number?
True
Is 121421 a prime number?
True
Is 11359 composite?
True
Is 121645 prime?
False
Is 403459 a composite number?
True
Is 518849 a prime number?
False
Is 3386 composite?
True
Is 291959 composite?
True
Is 328499 composite?
True
Is 7621 a prime number?
True
Is 11027 a prime number?
True
Is 7534 a composite number?
True
Is 4327 composite?
False
Is 381403 composite?
True
Is 3377 a prime number?
False
Is 20074 prime?
False
Is 13643 a composite number?
True
Is 16103 composite?
False
Is 136727 a prime number?
True
Is 337397 a composite number?
False
Is 6287849 a prime number?
True
Is 132827 composite?
True
Is 12723 a prime number?
False
Is 32117 prime?
True
Is 46841 a prime number?
False
Is 603311 prime?
True
Is 1843 a prime number?
False
Is 661537 a composite number?
True
Is 1471 composite?
False
Is 13621 a prime number?
False
Is 48053 a composite number?
True
Is 1255973 prime?
False
Is 922367 a composite number?
False
Is 128227 a composite number?
True
Is 4618 prime?
False
Is 36671 prime?
True
Is 2181 composite?
True
Is 4699 a composite number?
True
Is 1017083 a composite number?
True
Is 150151 composite?
False
Is 2417 a prime number?
True
Is 30631 a prime number?
True
Is 2611 a prime number?
False
Is 21898 a composite number?
True
Is 4867 a prime number?
False
Is 110311 a prime number?
True
Is 166471 prime?
True
Is 9667 prime?
False
Is 2609 a composite number?
False
Is 218221 a prime number?
False
Is 64733 prime?
False
Is 1657 prime?
True
Is 85 composite?
True
Is 1040311 a prime number?
True
Is 176557 a prime number?
True
Is 23657 a composite number?
True
Is 811523 composite?
False
Is 686863 a composite number?
False
Is 38953 prime?
True
Is 185429 prime?
True
Is 151123 composite?
True
Is 1704229 a prime number?
True
Is 511409 a prime number?
True
Is 4648907 composite?
False
Is 2813 a prime number?
False
Is 284167 a composite number?
True
Is 671393 composite?
True
Is 22739 a composite number?
False
Is 16079 a prime number?
False
Is 3761 a composite number?
False
Is 541507 a prime number?
True
Is 9263 a composite number?
True
Is 31747 a composite number?
True
Is 940361 a prime number?
True
Is 36293 composite?
False
Is 1650263 a prime number?
True
Is 9677 a composite number?
False
Is 3333593 a composite number?
False
Is 42877 a prime number?
False
Is 10391 composite?
False
Is 123899 a prime number?
False
Is 7961 prime?
False
Is 2801057 a composite number?
True
Is 116719 a composite number?
False
Is 46327 prime?
True
Is 14567 a prime number?
False
Is 514417 a composite number?
False
Is 685469 a prime number?
False
Is 893533 a prime number?
False
Is 61909 a composite number?
False
Is 247109 a composite number?
True
Is 3863 a prime number?
True
Is 1320289 prime?
False
Is 50327 prime?
False
Is 10481 a prime number?
False
Is 783869 a composite number?
False
Is 1361 composite?
False
Is 1420879 prime?
True
Is 245849 a composite number?
False
Is 964163 a prime number?
False
Is 7624349 composite?
False
Is 8939 a composite number?
True
Is 106423 a composite number?
True
Is 161441 composite?
True
Is 1309327 prime?
False
Is 23354 composite?
True
Is 341123 composite?
False
Is 40613 a composite number?
True
Is 177302 a composite number?
True
Is 88117 a composite number?
False
Is 24481 composite?
False
Is 10297 composite?
True
Is 221999 composite?
False
Is 82817 prime?
False
Is 2927 a composite number?
False
Is 86771 a composite number?
False
Is 4663 composite?
False
Is 117269 prime?
True
Is 16001 prime?
True
Is 1055807 composite?
True
Is 415967 a prime number?
False
Is 89207 a composite number?
True
Is 1625401 a composite number?
True
Is 49493 a prime number?
False
Is 29261 a composite number?
True
Is 94759 a composite number?
True
Is 704213 a prime number?
True
Is 315814 composite?
True
Is 4511 composite?
True
Is 182717 a composite number?
True
Is 94597 a composite number?
False
Is 24347 composite?
True
Is 126443 composite?
False
Is 25649 a prime number?
False
Is 20477 a composite number?
False
Is 19267 composite?
False
Is 62189 prime?
True
Is 5469 composite?
True
Is 334